 of 56 and 2266166?
14
Calculate the highest common factor of 86 and 569234.
86
What is the greatest common divisor of 1070 and 54142?
214
Calculate the highest common divisor of 12 and 3628668.
12
Calculate the highest common divisor of 7304 and 20584.
664
Calculate the highest common factor of 234 and 24858.
18
What is the highest common factor of 2139 and 36921?
93
What is the highest common factor of 1150 and 11546?
46
What is the greatest common divisor of 395 and 1355?
5
Calculate the highest common divisor of 14 and 3866.
2
Calculate the greatest common divisor of 247 and 49686.
13
Calculate the highest common factor of 1063184 and 16.
16
What is the greatest common divisor of 81 and 4255308?
27
What is the highest common factor of 1550172 and 78?
78
Calculate the greatest common factor of 3072 and 228.
12
What is the greatest common divisor of 11970 and 4522?
266
What is the highest common divisor of 15438 and 29797?
83
What is the greatest common factor of 662806 and 164?
82
Calculate the highest common factor of 2421244 and 86.
86
What is the greatest common factor of 12662 and 39?
13
What is the highest common divisor of 46 and 252?
2
Calculate the highest common divisor of 77 and 1201739.
77
Calculate the greatest common factor of 138 and 215004.
138
What is the greatest common divisor of 235 and 185?
5
Calculate the greatest common divisor of 162 and 889.
1
Calculate the highest common factor of 9776 and 520.
104
Calculate the highest common factor of 9331 and 2821.
217
What is the highest common factor of 502389 and 23?
23
Calculate the highest common factor of 1280294 and 1385.
277
Calculate the greatest common factor of 18335 and 65620.
965
What is the greatest common divisor of 46620 and 161505?
1665
Calculate the greatest common divisor of 3856 and 115712.
16
What is the highest common divisor of 1482 and 99606?
78
What is the greatest common divisor of 211320 and 135?
45
What is the greatest common factor of 11690829 and 9?
9
What is the highest common divisor of 1054220 and 50?
10
Calculate the greatest common divisor of 100171 and 1838.
919
What is the highest common divisor of 1146565 and 574?
287
Calculate the highest common divisor of 12 and 18714.
6
What is the greatest common divisor of 424 and 2332?
212
Calculate the highest common divisor of 6750 and 2850.
150
Calculate the greatest common divisor of 6440 and 55706.
322
Calculate the highest common divisor of 6955 and 6565.
65
Calculate the greatest common factor of 540 and 11280.
60
Calculate the highest common divisor of 4633 and 1025.
41
Calculate the greatest common factor of 1902200 and 400.
200
Calculate the highest common divisor of 17019 and 217.
31
Calculate the highest common factor of 7452 and 2001.
69
What is the greatest common divisor of 177 and 971494?
59
What is the highest common factor of 103 and 3617051?
103
What is the greatest common factor of 45 and 1518795?
45
Calculate the greatest common factor of 111596 and 46.
46
What is the greatest common divisor of 44346 and 323?
19
Calculate the greatest common factor of 38 and 1008083.
19
What is the greatest common divisor of 146976 and 16?
16
What is the greatest common factor of 1053 and 871?
13
Calculate the highest common factor of 37469 and 68623.
421
Calculate the highest common divisor of 7 and 1731359.
7
Calculate the highest common factor of 25080 and 11000.
440
Calculate the highest common factor of 1297414 and 892.
446
What is the greatest common factor of 786 and 5802?
6
Calculate the highest common factor of 15 and 8121.
3
What is the highest common factor of 41824 and 352?
32
What is the greatest common factor of 196836 and 349?
349
What is the highest common factor of 218472 and 32?
8
Calculate the highest common divisor of 22 and 189167.
11
Calculate the greatest common divisor of 8 and 1105436.
4
Calculate the highest common factor of 5797 and 2167.
11
Calculate the greatest common divisor of 341 and 679613.
341
Calculate the highest common factor of 1508 and 186615.
377
What is the highest common factor of 85370 and 100?
10
What is the highest common factor of 120 and 166500?
60
What is the highest common factor of 1079 and 174051?
83
What is the highest common divisor of 20706 and 105?
21
Calculate the greatest common divisor of 145025 and 25.
25
What is the highest common factor of 11 and 108768?
11
What is the highest common factor of 100 and 486020?
20
What is the highest common factor of 150 and 901740?
30
What is the greatest common factor of 6234 and 42?
6
Calculate the highest common factor of 192 and 25470528.
192
What is the greatest common divisor of 6600 and 127200?
600
What is the highest common divisor of 4947 and 32689?
97
Calculate the highest common divisor of 48 and 283344.
48
What is the highest common factor of 135 and 291?
3
Calculate the greatest common divisor of 9711 and 36603.
747
Calculate the highest common divisor of 200 and 196650.
50
Calculate the greatest common factor of 36 and 186.
6
Calculate the greatest common divisor of 48978 and 54.
54
What is the highest common divisor of 191997 and 351?
351
What is the highest common divisor of 56 and 41517?
7
What is the highest common divisor of 193 and 604?
1
Calculate the highest common factor of 327382 and 44.
22
What is the greatest common divisor of 153 and 51204?
51
Calculate the greatest common factor of 104784 and 4218.
222
Calculate the highest common factor of 1386 and 873.
9
What is the highest common divisor of 48006 and 252?
126
What is the greatest common factor of 29520 and 4305?
615
Calculate the greatest common divisor of 5192 and 1034.
22
What is the greatest common divisor of 658 and 4746?
14
What is the greatest common divisor of 58 and 6774?
2
Calculate the greatest common divisor of 1995 and 701841.
399
What is the greatest common divisor of 3773 and 2079?
77
Calculate the highest common factor of 639 and 29749.
71
Calculate the greatest common divisor of 153896 and 16.
8
What is the highest common factor of 989946 and 2322?
774
Calculate the greatest common divisor of 3204 and 558.
18
Calculate the highest common factor of 72168 and 84.
12
What is the highest common divisor of 123801 and 783?
87
Calculate the highest common factor of 243 and 426.
3
What is the greatest common factor of 1180 and 90?
10
What is the highest common divisor of 4343 and 5353?
101
Calculate the greatest common factor of 101492 and 4.
4
What is the greatest common factor of 4840 and 32780?
220
What is the highest common divisor of 75245 and 8080?
505
What is the highest common divisor of 119008 and 32?
32
Calculate the highest common factor of 65 and 3328.
13
Calculate the highest common factor of 2144 and 992.
32
Calculate the greatest common factor of 5720 and 459160.
520
What is the highest common divisor of 4929 and 2232?
93
What is the highest common divisor of 351 and 21879?
117
Calculate the highest common factor of 334232 and 4592.
328
What is the highest common divisor of 2187 and 49?
1
What is the greatest common factor of 256 and 1305344?
256
What is the highest common divisor of 705 and 3166625?
235
What is the highest common factor of 40 and 163490?
10
Calculate the greatest common factor of 92 and 34891.
23
Calculate the greatest common divisor of 4 and 227764.
4
Calculate the highest common factor of 3550 and 41925.
25
Calculate the highest common divisor of 148 and 38369.
37
What is the highest common factor of 522 and 13978?
58
What is the highest common factor of 272310 and 17400?
870
What is the greatest common factor of 82 and 14227?
41
What is the greatest common divisor of 36 and 161190?
18
What is the greatest common divisor of 39136 and 224?
32
What is the highest common divisor of 153 and 2065347?
153
What is the highest common factor of 975 and 1175?
25
Calculate the highest common factor of 55 and 2123.
11
Calculate the greatest common factor of 94 and 869970.
94
What is the highest common factor of 2260538 and 28?
14
Calculate the greatest common factor of 360 and 180560.
40
Calculate the highest common divisor of 552647 and 2177.
311
What is the greatest common divisor of 7786 and 7328?
458
What is the greatest common divisor of 322168 and 13244?
308
Calculate the highest comm